 0*j - 4*j = d - 79, 316 = 4*d - a*j. Is d a composite number?
False
Let n = 1864 + 2821. Suppose 5*b - 19 - 1 = 0. Suppose -n = -d - b*d. Is d a prime number?
True
Let g(y) = 81*y**2 - 22*y - 90. Is g(-5) a composite number?
True
Suppose 0*x + 4 = -2*x. Let z(t) = -9*t**3 + 2*t**2 - 4*t - 5. Is z(x) a prime number?
True
Suppose 61523 + 14627 = 5*w + 3*h, 3*w = 3*h + 45666. Is w prime?
True
Let z = 103 + -147. Let p = z + 165. Is p a prime number?
False
Let a(y) = 19*y**2 + 8*y - 20. Let d = -27 + 36. Is a(d) a prime number?
False
Suppose -a + 11*i + 2329 = 9*i, -i - 2325 = -a. Is a a composite number?
True
Is (20/12)/(-8 - 62738/(-7842)) prime?
False
Suppose -9073 = -4*k + 8835. Suppose 0 = 3*p - k - 2186. Is p composite?
False
Suppose 49*k - 80471 = 580686. Is k a prime number?
False
Let a(c) = 27*c**2 - 1824*c**3 + 4*c - 10*c**2 - 9*c**2 - 7*c**2 + 2. Is a(-1) a composite number?
False
Let p(w) = 92*w**2 - 3*w - 68. Is p(27) composite?
False
Let s = 204 - 63. Is s a composite number?
True
Suppose 18 = -4*g + 2*p - 8, -5*g = -2*p + 30. Is (-8)/(-2) + (191 - g) composite?
False
Suppose 0*y = -3*y + q + 9083, 0 = -4*q - 8. Is y prime?
False
Let l be (-1)/(156/154 + -1). Let z = -220 + 350. Let x = l + z. Is x a prime number?
True
Let z = -2198 - -6315. Is z prime?
False
Is -6 + (-4)/(32/(-37016)) a prime number?
True
Suppose 5*o - 5*s = 10, 4*s + 4 = 3*o - 4. Let g be -1 + (-1 - (o + -2)). Suppose g = 4*p + 93 - 673. Is p prime?
False
Suppose 60 = 3*n + f, -2*f + 57 = 3*n - 0*n. Is 12/21 + 2361/n composite?
False
Let z(h) = 210*h + 163. Is z(9) composite?
False
Suppose 0 = -4*k - 2*c + 129 + 5, c + 185 = 5*k. Let b be ((-8)/6)/((-9)/27). Suppose k = 4*g - b. Is g a composite number?
True
Suppose 4*s = -4*k + 39957 + 1775, 2*k + 5*s - 20857 = 0. Suppose 0 = 2*f + 2*f - k. Is f composite?
False
Let w(k) = -147*k**3 + 6*k**2 + 3*k + 17. Is w(-4) composite?
True
Let j(g) = -g**3 + 7*g**2 - 8*g + 11. Let m be (0 - -3)*45/27. Is j(m) prime?
False
Suppose 5*f = -z + 521 + 174, 3*f + 2895 = 4*z. Suppose -o + 5*m = 4*o - z, -4*m - 141 = -o. Is o a prime number?
False
Suppose 10*z - 97100 = -3*p + 9*z, 0 = 2*p + 2*z - 64736. Is p a prime number?
False
Let u(j) = 2*j**2 - 2 - j**2 + 1. Let k be u(-2). Suppose -3*r = 3*q - 780, 2*q + k*r - 535 = 4*r. Is q a prime number?
False
Suppose -2*z + q = -6*z - 55, 3*z - q = -36. Let u = z + 11. Let y(m) = 40*m**2 - 3*m - 3. Is y(u) composite?
False
Suppose -15 = w + 4*w. Let l be w - ((-12)/4 - -1). Is (2 - 1/l) + 76 composite?
False
Suppose 0 = -32*w + 110*w - 2221206. Is w composite?
False
Let t(f) = 37*f - 4. Let x be t(4). Suppose -5*y - 70 = -2*k, -5*k - 2*y + x = y. Suppose 0 = d - k - 25. Is d a prime number?
False
Let b = 5139 - -39549. Suppose 3*c + b = -0*c. Is c/(-20) - (-3)/15 prime?
False
Suppose 0 = 5*d - 4*s + 2 + 23, 3*d + s - 2 = 0. Let w be d*4*(-2 + 1). Is (-6)/(-2) + 92/w a composite number?
True
Suppose 4*j = 13 - 13. Suppose -5*p = -2*w + 402, w - 2*w + 5*p + 211 = j. Is w prime?
True
Suppose 6*y - 10*y + 260 = 0. Is y composite?
True
Suppose 0 = -4*n - 4*n - 4824. Let s = 1082 + n. Is s a composite number?
False
Let a = -12 + 16. Suppose r = a*k - 749, 2*r = -k - 3*k + 746. Suppose -g + 0*y = -2*y - k, -3*g - 3*y = -579. Is g a composite number?
False
Let k = 10 - 7. Let a(i) = -28 - 11*i + 31 + k*i. Is a(-2) composite?
False
Let o be ((-3)/6)/((-4)/712). Let n = o + 398. Is n a composite number?
False
Suppose 0 = 5*d - 443 - 87. Let m be (-8 - -4) + 5 - -68. Let n = d - m. Is n a prime number?
True
Let a = 333 - -311. Suppose -3*z + a = -229. Is z prime?
False
Let o be (-3)/(9/6) - -16. Let m = o - 14. Suppose m*k - 2515 = -5*k. Is k prime?
True
Suppose j - 6*j + x + 504 = 0, -j = -4*x - 97. Suppose k - j = 190. Is k a composite number?
True
Let s = -28 - -25. Let y be (52/(-8) + s)*-34. Suppose -2*f = 4*w - 7*f - y, 3*w - 276 = -3*f. Is w composite?
True
Suppose -2*b - 19 = 4*v - 7*b, -3*v = b + 19. Let q = 0 + v. Let r(n) = 12*n**2 + 5*n + 11. Is r(q) prime?
False
Suppose -5*b = -50 + 10. Suppose -541 - 5419 = -b*c. Is c composite?
True
Suppose 5*d - 3*m + 0 = 5, 0 = -4*m - 20. Let i be d*(-1)/(-5)*-20. Is -293*(-4)/i*2 prime?
True
Suppose 2*o = 5*r + 4*o - 33, 2*r - 5*o = -10. Suppose c - 527 = -4*y, c - 501 = -r*y + 157. Is y composite?
False
Suppose -4*q = 9*g - 8*g - 121225, -5*g + 60599 = 2*q. Is q a prime number?
True
Suppose -21*n + 13114 = -5345. Is n prime?
False
Let d(t) = -58*t - 3. Let w = 2 + 4. Let h be d(w). Let b = 602 + h. Is b a composite number?
False
Suppose 5*n - 32735 = -2*x, -2*x + n + 0*n + 32705 = 0. Is x composite?
True
Let x be ((-195)/6 - -2)/((-3)/(-6)). Let p = x + 80. Is p a composite number?
False
Suppose 19*j - 21*j = -2*v - 6412, j + 2*v = 3197. Is j composite?
False
Suppose 5*n = -4*c + 35754, 5*c + 7349 = -3*n + 52048. Is c composite?
False
Let x = 4956 + -82. Suppose -5*i + 4877 = -4*m, -5*i + 0*i + x = -3*m. Is i prime?
False
Let m(z) = 18*z - 45 + 8*z**2 - 32 - 2*z**2 + 88. Is m(-8) prime?
True
Suppose x = 5*x + 2*l - 2282, 4*x - 4*l = 2312. Is x a prime number?
False
Is -2 + 38 + 1/1 a prime number?
True
Let g(n) = n**3 + 7*n**2 + 2*n - 5. Let v be 10 - 7 - (-6)/(-2). Suppose v*z - 3*z = 18. Is g(z) a composite number?
False
Let w(j) be the first derivative of -385*j**2/2 + 3*j - 6. Is w(-4) composite?
False
Let m(q) = -18*q**3 + 5*q**3 - q**2 - 1 + 6*q - q - 7*q. Is m(-3) composite?
False
Suppose i = n + 697, -703 + 2093 = 2*i - 3*n. Is i a prime number?
True
Suppose 3*p - 288 = -p - 4*m, -2*p - 4*m + 138 = 0. Let o = 8 + p. Suppose -5*u + 3*u + o = n, u = 0. Is n composite?
False
Suppose -x - 4*x = -25. Suppose -13 = -2*h - 2*l + 3*l, 4*l + 40 = x*h. Is 2061/27 - h/(-6) a prime number?
False
Suppose 22*b = -7*b + 553001. Is b a composite number?
False
Let o be (-1)/((-4)/40*-2). Is (1 - -150) + 3 + o prime?
True
Let l(o) = 1037*o**3 - 2*o + 1. Let f be l(1). Let w = f + 1017. Is w composite?
False
Let y be 4 + (-263 + -4)/((-3)/(-24)). Let a = 3027 + y. Is a a composite number?
True
Let l(o) = o**3 - o**2 + 3*o - 5. Let u be l(0). Let a(r) = -3*r**3 + r**2 - 3*r - 6. Is a(u) prime?
True
Suppose 5*n = 3*f + 5055, 3*f = 7*f - 20. Let x = n + 833. Is x prime?
True
Suppose -2*c - 79 = -949. Let l(u) = -440*u + c*u + 0 + 3. Is l(-11) composite?
True
Let b(j) be the first derivative of -7*j**4/4 - 2*j**3/3 + j**2/2 - 15*j + 35. Is b(-4) composite?
False
Suppose 87*z - 4094489 - 137974 = 0. Is z a prime number?
True
Let q = 7094 + -3211. Is q a prime number?
False
Suppose 46*c - 88188 = 34*c. Is c a composite number?
False
Let d = 12 - 4. Suppose y + d = -3*y, -s + 2*y = -204. Let v = s + 963. Is v a prime number?
True
Let r(c) = c**3 + 5*c**2 - 5*c + 6. Let h be r(-6). Suppose 2*a - 30 = -h*a. Is 487/3 + 10/a composite?
False
Suppose 0 = -3*k - 873 + 19200. Is k a composite number?
True
Suppose -11*i = -13*i + 3508. Suppose l = -l + i. Is l composite?
False
Let y be ((-12)/14)/(3 - 60/21). Is (4532/y)/((10/(-3))/5) composite?
True
Let v = 32935 - 14396. Is v a composite number?
False
Let h be ((-4)/(-6))/(15/(-90)). Let d(v) = 9*v**2 + 1. Let r be d(h). Let s = r + -66. Is s a composite number?
False
Let z = 165 + -152. Is (z - 12)/(2/1706) prime?
True
Let n(m) = -m - 2. Let t be n(-7). Suppose -5*r + t = -o, -5*r - o + 3*o = -5. Is r*(62 + -1 + -2) composite?
False
Is ((-26)/(-65))/((-4)/(-263210)) prime?
True
Suppose -48*b = -55*b + 26201. Is b composite?
True
Is 2795/5 - ((-2)/(-1) + 0) prime?
True
Let l(u) = -u**3 + 6*u**2 - 4*u. Let h be (1 + 3)*(1 - 0). Let k be l(h). Suppose -463 + k = -3*j. Is j composite?
False
Let h(p) = -2*p**2 - p**2 + 2*p**2 + 265. Let a = 306 + -306. Is h(a) composite?
True
Suppose 2*q + 4*f + 1 = 21, 3*f = 4*q - 29. Let a = q - 4. Is 10284/108 - a/18 composite?
True
Let q(t) = 145*t**2 + 71*t + 249. Is q(-4) a prime number?
False
Let k(f) = -18*f + 36. Let x be k(2). Let i(w) = -w + 34 - 1 + 14 + w**2. Is i(x) a prime number?
True
Let g(q) = -q**3 - 56*q**2 - 43*q - 63. Let d be g(-28). Is -2*((-12)/66 + d/66) composite?
False
Let g = 4274 - -8487. Is g prime?
False
Suppose -i = -5*p - 842 + 4229, i = 3*p - 2033. Is p a composite number?
False
Suppose 4*r + 4*g - 3052 = 0, -3855 = -6*r + r + 5*g. Is (-60)/(-20) + r 